, 9*p - 7*p = -z. Let a(i) = i**3 - 8*i**2 + 14*i - 1. Calculate a(z).
11
Let l(o) = -2*o**2 + 3*o + 3. Let h be (-7)/(-14)*-10 - 8/(-4). Determine l(h).
-24
Let i = -1408 + 1409. Let q(o) = 2*o**3 + 0 - 14*o**3 - 1 + o. Give q(i).
-12
Let u(p) = p**3 + p**2 - p + 1. Let i(o) = 278*o - 285*o + o**3 + 2 - 2*o**2 + 4*o**2. Let v(c) = i(c) - 4*u(c). Give v(-2).
20
Let b be (2 - 1)/((-5)/6 + 1). Suppose -x = -2 + b. Let l(w) = -5*w + 3. Determine l(x).
23
Let m(q) = 1 - 525*q + 169*q + 176*q + 1 + 169*q. Give m(-2).
24
Let a(j) be the first derivative of -2*j**3/3 - 5*j**2/2 + 3*j - 1. Let l(y) = -8*y - 7*y - 3*y + 16*y + 24. Let s be l(14). Determine a(s).
-9
Let p(y) be the second derivative of -y**5/20 + 7*y**4/12 - 7*y**3/6 + 5*y**2/2 - 21*y. Calculate p(6).
-1
Let u(b) = -b**3 - 13*b**2 - 13*b - 6. Let t be 9 + 11/(132/(-252)). Calculate u(t).
6
Let n be (-6)/(-4)*40/10. Let o(r) = 1 + r - 20*r**2 + n*r + 16*r**2 - r**3. Let g(k) = -k**3 - 7*k**2 - 6*k - 5. Let m be g(-6). Determine o(m).
-9
Let l = -98 + 185. Let v(s) = -4*s**2 - 2 - 48*s**3 + 4*s + l*s**3 - 38*s**3. Give v(2).
-2
Let d(h) = -h**2 - h + 1. Let f(b) = b**2 - 6*b - 7. Let j(x) = 2*d(x) + f(x). Let s(q) = q - 1. Suppose -2*m - 5 - 3 = 0. Let o be s(m). Give j(o).
10
Let h(i) = -20*i**2 - 2*i + 2*i + 30*i**2 - 11*i**2 + 5*i. What is h(5)?
0
Let q(n) = 2*n**2 - 3*n - 10. Let d(g) = -2*g**2 + 2*g + 9. Let t(f) = 7*d(f) + 6*q(f). Give t(-5).
-27
Let f be (0 + 3/(-4))/((-6)/4). Let v(k) be the first derivative of 0*k + 2/3*k**3 + f*k**2 - 2 + 7/4*k**4. Determine v(-1).
-6
Let y(o) = -1 + 29 - 5 - 5 - o. Give y(8).
10
Suppose -t = -3*d + 6 + 8, -2*t + 5*d = 31. Let f = -21 - t. Let p(o) = 2*o - f*o + 10 - o - 3. What is p(3)?
4
Suppose 0 = -0*h + 3*h - 36. Let k(s) = -7*s - 6*s + h*s - 7. Suppose -3*t = 3*g + g + 30, -5*t = -4*g - 14. Calculate k(g).
-1
Let g be (2/(-2))/(1 + 0)*-5. Let v(h) = h - 128*h**2 - 3 + 127*h**2 + g*h. Determine v(6).
-3
Let m(c) = c**3 + 4*c**2 - 4*c + 6. Let n = -6 - -1. Let b be m(n). Let x(s) = s - s**2 + 1 - 2*s**2 + 8*s - 11*s. Determine x(b).
-4
Let t(o) be the third derivative of -o**5/120 - o**4/3 - 2*o**3 - 20*o**2. Let q(j) be the first derivative of t(j). Determine q(0).
-8
Suppose 333 = 31*h + 6*h. Let n(q) = 3*q + 8*q - q**2 + 0*q**2 - 12. What is n(h)?
6
Let n(r) = -3*r**3 + r**2 + r - 1. Let z(g) = 4*g**3 - g**2 - 2*g + 2. Let b(c) = 3*n(c) + 2*z(c). Calculate b(-3).
40
Let d = -17 - -22. Suppose -29 = -d*x - u, 5*u = -x + 5*x. Let a(q) = -q**2 + 6*q. Determine a(x).
5
Let j(x) = x**3 + x**2 + 2*x + 2. Let i = 8 + -4. Suppose i*v + 0*v + 29 = 3*g, -32 = -4*g + 4*v. Suppose -w + g = 5. Calculate j(w).
-6
Let n(i) be the third derivative of -i**4/12 - i**3/6 + 108*i**2. Calculate n(-5).
9
Let z(v) = v**2 - 4*v - 8. Suppose 29 = 5*l - 2*w, 7 = -2*l - w + 15. Calculate z(l).
-3
Let i(u) = 0 + 3*u + 0*u**2 - 3*u**2 + 0 + 22*u**3. Let k(v) be the first derivative of 15*v**4/4 - 2*v**3/3 + v**2 + 25. Let t(r) = 5*i(r) - 7*k(r). Give t(1).
5
Let d be -3*1/(6/4). Let q(j) be the third derivative of -j**4/6 - j**3/6 - 5*j**2 + 40*j. Calculate q(d).
7
Let b(t) = -t**2 + 6*t - 6. Let r be b(4). Suppose l - d - 2*d = 12, -r = -2*l - 5*d. Let s(u) = -u**3 + 6*u**2 + u - 6. Determine s(l).
0
Suppose -27 = 3*i + 6*a - 36, -4*i + 2*a + 32 = 0. Let p(h) = -h + 0*h - 8 + 0*h. Determine p(i).
-15
Let i(u) = -u**2 + u - 13. Let x(v) = 3*v**2 - 2*v + 26. Let w(m) = -5*i(m) - 2*x(m). Let h be (0/(-2 + -1))/(-3). What is w(h)?
13
Let q(t) be the third derivative of -11*t**4/24 + t**3/2 + t**2 - 59*t. Let z be 2/4 - 15/(-10). What is q(z)?
-19
Let z = -57 + 60. Let x(s) = -3*s + 4. Let o be x(z). Let v(r) be the second derivative of r**5/20 + r**4/3 - 2*r**3/3 - 3*r**2/2 + r. Determine v(o).
-8
Suppose 3*l + l - 4 = -4*h, 4*l = -2*h. Let a(r) = 5*r - 4*r**3 - r**h - 6 + 5*r**3 - 3*r**2 + 4. What is a(3)?
4
Suppose -2*p - 18*c + 15*c - 5 = 0, 0 = 4*c - 4. Let n(o) = 2*o + 13. Give n(p).
5
Suppose -237 = -5*n + 2*o + 114, 0 = 4*o - 8. Let x = -69 + n. Let i(l) = -6*l + 2. What is i(x)?
-10
Let n(t) = -13*t - 13. Let o(i) = 17*i + 18. Let j(d) = -9*n(d) - 7*o(d). Calculate j(-6).
3
Let p(u) = 2*u - 8. Suppose r - 2 = -0. Suppose -86 = -7*g + r*g - 4*s, 5*s + 23 = g. Suppose 0*c + 3*c = g. Give p(c).
4
Let r(c) be the first derivative of 2*c + 5*c**3 - 46 + 7*c**2 + 1/4*c**4. What is r(-14)?
2
Let r(y) = y**3 + 6*y**2 - 8*y. Suppose 2*f + 4*x = 8*x + 2, -f + 4*x + 9 = 0. Give r(f).
7
Let n(z) = 2*z**2 + 8*z + 1. Suppose 102 = -9*b - 8*b. Determine n(b).
25
Let x(h) = 12*h**3 - 25*h**3 - 9 + 10*h**3 + 13*h + 1 + 5*h**3 + 16*h**2. Calculate x(-7).
-1
Let y = -48 - -44. Let p(a) = a + 5. Let b be p(y). Let h(k) = 5*k**2 + 1. What is h(b)?
6
Let t be 45/10*(-6)/(-9). Let d(b) = 4*b**2 + 4*b**3 - 1 - 2 - 7*b**t + 2*b**3 - 3*b. Determine d(3).
-3
Let i = 515 + -520. Let k(g) = -g**2 - 4*g + 10. Calculate k(i).
5
Let b(n) be the second derivative of -n**5/20 + n**4/12 - n**2/2 - 4*n. Let r be 0*((-8)/(-32))/(3/(-12)). Give b(r).
-1
Suppose 5*x = 6*x - 8. Suppose 10*m - x*m = -8. Let j(q) = q**2 + 5*q - 4. Determine j(m).
-8
Let z be -1*(0 - -1) + 4. Suppose -2*w - 8 = z*x, 5*w - x = 7*w + 8. Let m(u) = -u**3 - u**2 + 4*u - 1. Determine m(w).
31
Let l(o) be the third derivative of 0*o + 1/6*o**3 + 0 - 7/24*o**4 + o**2. Let v = 6009 - 6011. Calculate l(v).
15
Let z(c) = -13*c**3 + 33*c**2 - 25*c - 22. Let x(r) = -7*r**3 + 17*r**2 - 13*r - 11. Let u(g) = -11*x(g) + 6*z(g). Give u(10).
19
Let n(g) = -7*g + 2*g - 253*g**2 + 252*g**2 + 3 + 4*g + 4*g. Let j(r) = r**3 - 2*r. Let m be j(2). Let s be 66/14 + m/14. Determine n(s).
-7
Let t(i) = -2*i + 48. Let c be t(23). Suppose 18 = 3*b + 3*s, -c*s = -4*b + 5 + 1. Let r(v) be the first derivative of v**2/2 - 2*v + 2. What is r(b)?
1
Let g(m) be the third derivative of -m**6/120 + m**5/5 - 5*m**4/12 - 2*m**3 + 79*m**2. What is g(11)?
-1
Let y = -49 - -48. Let x(b) = -5*b + 2. Calculate x(y).
7
Let c(t) be the first derivative of -t**4/4 + 7*t**3/3 - 4*t**2 + t - 55. Give c(6).
-11
Let t(l) be the third derivative of 0*l + 0*l**3 + 1/8*l**4 + 12*l**2 + 0. Determine t(3).
9
Let z(f) = 13*f**2 - f + 2. Let q(p) = -1 + 3*p - 8*p**2 - 3*p**2 + 2*p**2 - 2*p. Let a(d) = -7*q(d) - 5*z(d). Calculate a(-2).
-7
Suppose 2*x + 1 = 3*x. Let u be x/(-2)*(-4 - -4). Let a(w) = 17 + 3 - w**3 - 5. Calculate a(u).
15
Let g = -33 - -39. Let q be 4 - (g + -5 + 2). Let x(h) = 12*h - 1. Give x(q).
11
Suppose 5*t + 65 = 30. Let k(o) be the third derivative of -o**5/60 - 7*o**4/24 + o**3/3 - 2*o**2. Give k(t).
2
Let z(u) = u + 2. Let q = 5 + -7. Let f be (-3)/(q/(-4)*-2). Suppose 1 = -f*p + 13. Calculate z(p).
6
Let x be -5 + 6 - (2 + -1). Let r be 1 + 0 - (8 + -5). Let p be (r - x) + 3 + 3. Let t(c) = -4*c + 5. What is t(p)?
-11
Let q(x) = -x**3 - 10*x**2 - 3*x + 3. Suppose -u - 3*u = 28. Let y(h) = 2*h**3 + 19*h**2 + 6*h - 7. Let m(j) = u*q(j) - 4*y(j). Calculate m(-5).
-3
Let l(v) = -v**3 + 11*v**2 + v - 4. Let g(t) = t**3 - 4*t**2 - 7*t - 19. Let a be g(6). Give l(a).
7
Let w(v) = v**3 - 5*v**2 + 4*v + 3. Let q be 24/32 + (-221)/(-52). Determine w(q).
23
Let r(s) = 3*s**2 - 5*s**2 + 9 + 2*s + s**2 + s. Calculate r(5).
-1
Let c be ((-36)/8 - -3)*-16. Let k = c + -20. Suppose -4*i + 24 + k = 0. Let y(q) = q**2 - 7*q + 3. Calculate y(i).
3
Let r(t) = -t + 5. Let h be r(2). Let v(b) = 3*b**2 - 2*b - 4. What is v(h)?
17
Let y(x) = 13*x**2 + 16*x - 28. Let k(t) = 15*t**2 + 17*t - 30. Let o(j) = 6*k(j) - 7*y(j). Determine o(-11).
5
Let d(w) be the first derivative of w**4/4 + 5*w**3/3 - w**2/2 - 3*w + 151. Calculate d(-5).
2
Let y be 5 + ((-42)/(-7) - 9). Let o(g) = 7*g - 3. What is o(y)?
11
Let s(v) = 6*v**2 - 6*v + 53. Let j(z) = 5*z**2 - 5*z + 49. Let k(g) = 5*j(g) - 4*s(g). Calculate k(0).
33
Let h(j) be the second derivative of -j**5/20 - 7*j**4/12 - 5*j**3/6 - 3*j**2 - 10*j + 8. What is h(-4)?
-34
Let k(v) = 7*v - 10. Let l(x) = 5*x - 10. Let p(f) = 3*k(f) - 4*l(f). Determine p(-9).
1
Let x(l) = 5*l - 6*l + 2*l + l + l + 49. Determine x(-14).
7
Let r(n) be the first derivative of n**4/4 - 4*n**3 - n**2/2 + 16*n + 657. Calculate r(12).
4
Let l(h) be the third derivative of h**4/24 - h**3/3 - h**2 + 30. Calculate l(6).
4
Let b = -44 + 47. Let h = -2 + 4. Let